{"id":27623,"date":"2022-11-02T15:56:25","date_gmt":"2022-11-02T15:56:25","guid":{"rendered":"https:\/\/tumarca.co\/index.php\/product\/cojin-terapeutico-produccion-nacional\/"},"modified":"2022-11-02T15:56:25","modified_gmt":"2022-11-02T15:56:25","slug":"cojin-terapeutico-produccion-nacional","status":"publish","type":"product","link":"https:\/\/tumarca.co\/index.php\/product\/cojin-terapeutico-produccion-nacional\/","title":{"rendered":"Coj\u00edn Terap\u00e9utico &#8211; Producci\u00f3n Nacional"},"content":{"rendered":"<p>Almohadilla en gel, para enfriar o calentar (en microondas o al ba&ntilde;o mar&iacute;a). Producci&oacute;n sobre pedido.<br \/>\nTroqueles especiales.<br \/>\nMedidas: 12 cm x 8 cm<br \/>\nMarca: 6 cm \/ Screen<\/p>\n","protected":false},"excerpt":{"rendered":"<p>$3.32<\/p>\n","protected":false},"featured_media":27622,"comment_status":"open","ping_status":"closed","template":"","meta":[],"product_brand":[],"product_cat":[6170],"product_tag":[6296,6295,4749,6200,6201,5996,6298,6294,6300,6206,6297,6204,6299,5223,6205,6203,6202,6196],"class_list":{"0":"post-27623","1":"product","2":"type-product","3":"status-publish","4":"has-post-thumbnail","6":"product_cat-produccion-nacional","7":"product_tag-almohadas","8":"product_tag-almohadillas","9":"product_tag-cataprom","10":"product_tag-cojin","11":"product_tag-cojines","12":"product_tag-cool","13":"product_tag-corazon","14":"product_tag-cp-30","15":"product_tag-cp30","16":"product_tag-enfriadoras","17":"product_tag-frio","18":"product_tag-hot","19":"product_tag-microondas","20":"product_tag-nacionales","21":"product_tag-pads","22":"product_tag-terapeuticas","23":"product_tag-terapeuticos","24":"product_tag-terapias","26":"first","27":"instock","28":"shipping-taxable","29":"product-type-simple"},"_links":{"self":[{"href":"https:\/\/tumarca.co\/index.php\/wp-json\/wp\/v2\/product\/27623","targetHints":{"allow":["GET"]}}],"collection":[{"href":"https:\/\/tumarca.co\/index.php\/wp-json\/wp\/v2\/product"}],"about":[{"href":"https:\/\/tumarca.co\/index.php\/wp-json\/wp\/v2\/types\/product"}],"replies":[{"embeddable":true,"href":"https:\/\/tumarca.co\/index.php\/wp-json\/wp\/v2\/comments?post=27623"}],"version-history":[{"count":0,"href":"https:\/\/tumarca.co\/index.php\/wp-json\/wp\/v2\/product\/27623\/revisions"}],"wp:featuredmedia":[{"embeddable":true,"href":"https:\/\/tumarca.co\/index.php\/wp-json\/wp\/v2\/media\/27622"}],"wp:attachment":[{"href":"https:\/\/tumarca.co\/index.php\/wp-json\/wp\/v2\/media?parent=27623"}],"wp:term":[{"taxonomy":"product_brand","embeddable":true,"href":"https:\/\/tumarca.co\/index.php\/wp-json\/wp\/v2\/product_brand?post=27623"},{"taxonomy":"product_cat","embeddable":true,"href":"https:\/\/tumarca.co\/index.php\/wp-json\/wp\/v2\/product_cat?post=27623"},{"taxonomy":"product_tag","embeddable":true,"href":"https:\/\/tumarca.co\/index.php\/wp-json\/wp\/v2\/product_tag?post=27623"}],"curies":[{"name":"wp","href":"https:\/\/api.w.org\/{rel}","templated":true}]}}