{"id":27965,"date":"2022-11-02T16:02:24","date_gmt":"2022-11-02T16:02:24","guid":{"rendered":"https:\/\/tumarca.co\/index.php\/product\/jabon-liquido-antibacterial-produccion-nacional-precio-neto\/"},"modified":"2022-11-02T16:02:24","modified_gmt":"2022-11-02T16:02:24","slug":"jabon-liquido-antibacterial-produccion-nacional-precio-neto","status":"publish","type":"product","link":"https:\/\/tumarca.co\/index.php\/product\/jabon-liquido-antibacterial-produccion-nacional-precio-neto\/","title":{"rendered":"Jab\u00f3n L\u00edquido Antibacterial &#8211; Producci\u00f3n Nacional PRECIO NETO"},"content":{"rendered":"<p>Jab&oacute;n Antibacterial de producci&oacute;n nacional. Formula con Aloe Vera y Glicerina. Disponible en 30ml, 60ml, 120ml, 500ml (con tapa). Registro Invima.<br \/>\n<strong>Art&iacute;culo para uso personal, no se admiten cambios\/devoluciones.<\/strong><br \/>\nMedidas: 30ml: 8.2 cm x 2.7 cm di&aacute;metro<br \/>\n60ml: 11.5 cm x 5.2 cm<br \/>\n120ml: 14 cm x 3.8 cm di&aacute;metro<br \/>\n500ml: 18.5 cm x 7.5 cm x 5.5 cm<br \/>\nMarca: 5 cm \/ Tampograf&iacute;a con Tratamiento\/Litograf&iacute;a (Cotizaci&oacute;n Especial)<\/p>\n<p>\n<span><a href=\"\/documents\/CP-253 Jab&oacute;n L&iacute;quido Antibacterial-Ficha Tecnica.pdf\" target=\"_blank\" rel=\"noopener\">Ficha T&eacute;cnica<\/a><\/span><\/p>\n","protected":false},"excerpt":{"rendered":"<table border=\"0\" cellpadding=\"0\" cellspacing=\"0\" width=\"357\" style=\"border-collapse: collapse; width: 268pt;\">\n<colgroup>\n<col width=\"117\" style=\"width: 88pt;\" \/>\n<col width=\"80\" span=\"3\" style=\"width: 60pt;\" \/> <\/colgroup>\n<tbody>\n<tr height=\"20\" style=\"height: 15pt;\">\n<td class=\"xl70\" style=\"height: 15pt; width: 88pt;\">&nbsp;<\/td>\n<td class=\"xl65\" style=\"border-left: none; width: 60pt;\"><span style=\"font-size: 13px;\"><strong>min 50-199<\/strong><\/span><\/td>\n<td class=\"xl65\" style=\"border-left: none; width: 60pt;\"><span style=\"font-size: 13px;\"><strong>200-499<\/strong><\/span><\/td>\n<td class=\"xl66\" style=\"border-left: none; width: 60pt;\"><span style=\"font-size: 13px;\"><strong>500 o m&aacute;s<\/strong><\/span><\/td>\n<\/tr>\n<tr height=\"20\" style=\"height: 15pt;\">\n<td class=\"xl67\" style=\"height: 15pt; border-top: none; width: 88pt;\"><span style=\"font-size: 13px;\">30ml<\/span><\/td>\n<td class=\"xl68\" style=\"border-top: none; border-left: none;\"><span style=\"font-size: 13px;\">$920<\/span><\/td>\n<td class=\"xl68\" style=\"border-top: none; border-left: none;\"><span style=\"font-size: 13px;\">$870<\/span><\/td>\n<td class=\"xl68\" style=\"border-top: none; border-left: none;\"><span style=\"font-size: 13px;\">$830<\/span><\/td>\n<\/tr>\n<tr height=\"20\" style=\"height: 15pt;\">\n<td class=\"xl67\" style=\"height: 15pt; border-top: none; width: 88pt;\"><span style=\"font-size: 13px;\">60ml<\/span><\/td>\n<td class=\"xl68\" style=\"border-top: none; border-left: none;\"><span style=\"font-size: 13px;\">$1.080<\/span><\/td>\n<td class=\"xl68\" style=\"border-top: none; border-left: none;\"><span style=\"font-size: 13px;\">$1.030<\/span><\/td>\n<td class=\"xl69\" style=\"border-top: none; border-left: none;\"><span style=\"font-size: 13px;\">$990<\/span><\/td>\n<\/tr>\n<tr height=\"20\" style=\"height: 15pt;\">\n<td class=\"xl67\" style=\"height: 15pt; border-top: none; width: 88pt;\"><span style=\"font-size: 13px;\">120ml<\/span><\/td>\n<td class=\"xl68\" style=\"border-top: none; border-left: none;\"><span style=\"font-size: 13px;\">$1.270<\/span><\/td>\n<td class=\"xl68\" style=\"border-top: none; border-left: none;\"><span style=\"font-size: 13px;\">$1.230<\/span><\/td>\n<td class=\"xl69\" style=\"border-top: none; border-left: none;\"><span style=\"font-size: 13px;\">$1.200<\/span><\/td>\n<\/tr>\n<tr height=\"20\" style=\"height: 15pt;\">\n<td class=\"xl67\" style=\"height: 15pt; border-top: none; width: 88pt;\"><span style=\"font-size: 13px;\">500ml<\/span><\/td>\n<td class=\"xl68\" style=\"border-top: none; border-left: none;\"><span style=\"font-size: 13px;\">$4.160<\/span><\/td>\n<td class=\"xl68\" style=\"border-top: none; border-left: none;\"><span style=\"font-size: 13px;\">$4.030<\/span><\/td>\n<td class=\"xl69\" style=\"border-top: none; border-left: none;\"><span style=\"font-size: 13px;\">$3.890<\/span><\/td>\n<\/tr>\n<\/tbody>\n<\/table>\n<p><strong>Precios Netos<\/p>\n<p><em><span style=\"font-size: 10px; color: #ff0000;\"><strong>fletes por cuenta y riesgo del cliente. &Oacute;rdenes de estos productos no suman a ning&uacute;n descuento adicional vigente<\/strong><\/span><\/em><br \/>\n<\/strong><\/p>\n","protected":false},"featured_media":27964,"comment_status":"open","ping_status":"closed","template":"","meta":[],"product_brand":[],"product_cat":[6170],"product_tag":[5221,5209,6999,6955,4749,5212,5211,6994,6995,6951,6997,6996,6998,5700,5239,6945,5223,6952,5242,5213],"class_list":{"0":"post-27965","1":"product","2":"type-product","3":"status-publish","4":"has-post-thumbnail","6":"product_cat-produccion-nacional","7":"product_tag-antibacteriales","8":"product_tag-antibacterianos","9":"product_tag-aseo","10":"product_tag-bacterias","11":"product_tag-cataprom","12":"product_tag-corona","13":"product_tag-covid","14":"product_tag-cp-253","15":"product_tag-cp253","16":"product_tag-cuidado","17":"product_tag-jabon","18":"product_tag-jabones","19":"product_tag-limpieza","20":"product_tag-liquido","21":"product_tag-liquidos","22":"product_tag-manos","23":"product_tag-nacionales","24":"product_tag-personal","25":"product_tag-salud","26":"product_tag-virus","28":"first","29":"instock","30":"shipping-taxable","31":"product-type-simple"},"_links":{"self":[{"href":"https:\/\/tumarca.co\/index.php\/wp-json\/wp\/v2\/product\/27965","targetHints":{"allow":["GET"]}}],"collection":[{"href":"https:\/\/tumarca.co\/index.php\/wp-json\/wp\/v2\/product"}],"about":[{"href":"https:\/\/tumarca.co\/index.php\/wp-json\/wp\/v2\/types\/product"}],"replies":[{"embeddable":true,"href":"https:\/\/tumarca.co\/index.php\/wp-json\/wp\/v2\/comments?post=27965"}],"version-history":[{"count":0,"href":"https:\/\/tumarca.co\/index.php\/wp-json\/wp\/v2\/product\/27965\/revisions"}],"wp:featuredmedia":[{"embeddable":true,"href":"https:\/\/tumarca.co\/index.php\/wp-json\/wp\/v2\/media\/27964"}],"wp:attachment":[{"href":"https:\/\/tumarca.co\/index.php\/wp-json\/wp\/v2\/media?parent=27965"}],"wp:term":[{"taxonomy":"product_brand","embeddable":true,"href":"https:\/\/tumarca.co\/index.php\/wp-json\/wp\/v2\/product_brand?post=27965"},{"taxonomy":"product_cat","embeddable":true,"href":"https:\/\/tumarca.co\/index.php\/wp-json\/wp\/v2\/product_cat?post=27965"},{"taxonomy":"product_tag","embeddable":true,"href":"https:\/\/tumarca.co\/index.php\/wp-json\/wp\/v2\/product_tag?post=27965"}],"curies":[{"name":"wp","href":"https:\/\/api.w.org\/{rel}","templated":true}]}}