{"id":3868,"date":"2019-07-03T12:09:14","date_gmt":"2019-07-03T12:09:14","guid":{"rendered":"http:\/\/tumarca.co\/2019\/index.php\/product\/import-placeholder-for-3030156\/"},"modified":"2019-07-03T12:09:17","modified_gmt":"2019-07-03T12:09:17","slug":"mug-con-mezclador-electrico-450ml","status":"publish","type":"product","link":"https:\/\/tumarca.co\/index.php\/product\/mug-con-mezclador-electrico-450ml\/","title":{"rendered":"Mug con Mezclador El\u00e9ctrico 450ml"},"content":{"rendered":"<p>Mezclador el\u00e9ctrico. Funciona con dos pilas AAA (no incluidas). Ideal para mezclar la prote\u00edna, cocteles, jugos, caf\u00e9, t\u00e9, etc. Tapa con cierre herm\u00e9tico y boquilla a presi\u00f3n, vaso removible para facilitar la limpieza. No apto para bebidas calientes. Capacidad 450 ml \/ 15 Oz. <\/p>\n","protected":false},"excerpt":{"rendered":"<p>Mezclador el\u00e9ctrico. Funciona con dos pilas AAA (no incluidas). Ideal para mezclar la prote\u00edna, cocteles, jugos, caf\u00e9, t\u00e9, etc. Tapa con cierre herm\u00e9tico y boquilla a presi\u00f3n, vaso removible para facilitar la limpieza. No apto para bebidas calientes. Capacidad 450 ml \/ 15 Oz.<\/p>\n","protected":false},"featured_media":2521,"comment_status":"closed","ping_status":"closed","template":"","meta":[],"product_brand":[],"product_cat":[27],"product_tag":[],"class_list":{"0":"post-3868","1":"product","2":"type-product","3":"status-publish","4":"has-post-thumbnail","6":"product_cat-vasos-plasticos","8":"first","9":"instock","10":"shipping-taxable","11":"product-type-simple"},"_links":{"self":[{"href":"https:\/\/tumarca.co\/index.php\/wp-json\/wp\/v2\/product\/3868","targetHints":{"allow":["GET"]}}],"collection":[{"href":"https:\/\/tumarca.co\/index.php\/wp-json\/wp\/v2\/product"}],"about":[{"href":"https:\/\/tumarca.co\/index.php\/wp-json\/wp\/v2\/types\/product"}],"replies":[{"embeddable":true,"href":"https:\/\/tumarca.co\/index.php\/wp-json\/wp\/v2\/comments?post=3868"}],"version-history":[{"count":0,"href":"https:\/\/tumarca.co\/index.php\/wp-json\/wp\/v2\/product\/3868\/revisions"}],"wp:featuredmedia":[{"embeddable":true,"href":"https:\/\/tumarca.co\/index.php\/wp-json\/wp\/v2\/media\/2521"}],"wp:attachment":[{"href":"https:\/\/tumarca.co\/index.php\/wp-json\/wp\/v2\/media?parent=3868"}],"wp:term":[{"taxonomy":"product_brand","embeddable":true,"href":"https:\/\/tumarca.co\/index.php\/wp-json\/wp\/v2\/product_brand?post=3868"},{"taxonomy":"product_cat","embeddable":true,"href":"https:\/\/tumarca.co\/index.php\/wp-json\/wp\/v2\/product_cat?post=3868"},{"taxonomy":"product_tag","embeddable":true,"href":"https:\/\/tumarca.co\/index.php\/wp-json\/wp\/v2\/product_tag?post=3868"}],"curies":[{"name":"wp","href":"https:\/\/api.w.org\/{rel}","templated":true}]}}