{"id":3946,"date":"2019-07-03T12:14:51","date_gmt":"2019-07-03T12:14:51","guid":{"rendered":"http:\/\/tumarca.co\/2019\/index.php\/product\/import-placeholder-for-3032900\/"},"modified":"2019-07-03T12:14:54","modified_gmt":"2019-07-03T12:14:54","slug":"portalaptop-victoria","status":"publish","type":"product","link":"https:\/\/tumarca.co\/index.php\/product\/portalaptop-victoria\/","title":{"rendered":"Portalaptop Victoria"},"content":{"rendered":"<p>Morral porta laptop con espaldar ergon\u00f3mico y bolsillo secreto, bolsillo principal con compartimiento para dispositivos port\u00e1tiles de 15&#8243;, compartimiento especial para la distribuci\u00f3n de los accesorios  electr\u00f3nicos como USB, power bank, celulares; interior con bolsillo en velcro y 4 compartimentos adicionales. bolsillo frontal con apertura vertical y cargaderas acolchadas ajustables.  <\/p>\n","protected":false},"excerpt":{"rendered":"<p>Morral porta laptop con espaldar ergon\u00f3mico y bolsillo secreto, bolsillo principal con compartimiento para dispositivos port\u00e1tiles de 15&#8243;, compartimiento especial para la distribuci\u00f3n de los accesorios electr\u00f3nicos como USB, power bank, celulares; interior con bolsillo en velcro y 4 compartimentos adicionales. bolsillo frontal con apertura vertical y cargaderas acolchadas ajustables.<\/p>\n","protected":false},"featured_media":2673,"comment_status":"closed","ping_status":"closed","template":"","meta":[],"product_brand":[],"product_cat":[33],"product_tag":[],"class_list":{"0":"post-3946","1":"product","2":"type-product","3":"status-publish","4":"has-post-thumbnail","6":"product_cat-maletas-y-morrales","8":"first","9":"instock","10":"shipping-taxable","11":"product-type-simple"},"_links":{"self":[{"href":"https:\/\/tumarca.co\/index.php\/wp-json\/wp\/v2\/product\/3946","targetHints":{"allow":["GET"]}}],"collection":[{"href":"https:\/\/tumarca.co\/index.php\/wp-json\/wp\/v2\/product"}],"about":[{"href":"https:\/\/tumarca.co\/index.php\/wp-json\/wp\/v2\/types\/product"}],"replies":[{"embeddable":true,"href":"https:\/\/tumarca.co\/index.php\/wp-json\/wp\/v2\/comments?post=3946"}],"version-history":[{"count":0,"href":"https:\/\/tumarca.co\/index.php\/wp-json\/wp\/v2\/product\/3946\/revisions"}],"wp:featuredmedia":[{"embeddable":true,"href":"https:\/\/tumarca.co\/index.php\/wp-json\/wp\/v2\/media\/2673"}],"wp:attachment":[{"href":"https:\/\/tumarca.co\/index.php\/wp-json\/wp\/v2\/media?parent=3946"}],"wp:term":[{"taxonomy":"product_brand","embeddable":true,"href":"https:\/\/tumarca.co\/index.php\/wp-json\/wp\/v2\/product_brand?post=3946"},{"taxonomy":"product_cat","embeddable":true,"href":"https:\/\/tumarca.co\/index.php\/wp-json\/wp\/v2\/product_cat?post=3946"},{"taxonomy":"product_tag","embeddable":true,"href":"https:\/\/tumarca.co\/index.php\/wp-json\/wp\/v2\/product_tag?post=3946"}],"curies":[{"name":"wp","href":"https:\/\/api.w.org\/{rel}","templated":true}]}}