{"id":4425,"date":"2019-07-03T12:59:08","date_gmt":"2019-07-03T12:59:08","guid":{"rendered":"http:\/\/tumarca.co\/2019\/index.php\/product\/import-placeholder-for-3020588\/"},"modified":"2019-07-03T13:44:32","modified_gmt":"2019-07-03T13:44:32","slug":"lampara-rope","status":"publish","type":"product","link":"https:\/\/tumarca.co\/index.php\/product\/lampara-rope\/","title":{"rendered":"L\u00e1mpara Rope"},"content":{"rendered":"<p>L\u00e1mpara de LED en forma de bombilla, con interruptor de encendido\/apagado en el cord\u00f3n, que tambi\u00e9n sirve para colgar. Requiere de 3 pilas AAA  para su funcionamiento. No incluidas. Extensi\u00f3n del cord\u00f3n: 95 cm.<\/p>\n","protected":false},"excerpt":{"rendered":"<p>L\u00e1mpara de LED en forma de bombilla, con interruptor de encendido\/apagado en el cord\u00f3n, que tambi\u00e9n sirve para colgar. Requiere de 3 pilas AAA para su funcionamiento. No incluidas. Extensi\u00f3n del cord\u00f3n: 95 cm.<\/p>\n","protected":false},"featured_media":4446,"comment_status":"closed","ping_status":"closed","template":"","meta":[],"product_brand":[],"product_cat":[54],"product_tag":[],"class_list":{"0":"post-4425","1":"product","2":"type-product","3":"status-publish","4":"has-post-thumbnail","6":"product_cat-linternas","8":"first","9":"instock","10":"shipping-taxable","11":"product-type-simple"},"_links":{"self":[{"href":"https:\/\/tumarca.co\/index.php\/wp-json\/wp\/v2\/product\/4425","targetHints":{"allow":["GET"]}}],"collection":[{"href":"https:\/\/tumarca.co\/index.php\/wp-json\/wp\/v2\/product"}],"about":[{"href":"https:\/\/tumarca.co\/index.php\/wp-json\/wp\/v2\/types\/product"}],"replies":[{"embeddable":true,"href":"https:\/\/tumarca.co\/index.php\/wp-json\/wp\/v2\/comments?post=4425"}],"version-history":[{"count":0,"href":"https:\/\/tumarca.co\/index.php\/wp-json\/wp\/v2\/product\/4425\/revisions"}],"wp:featuredmedia":[{"embeddable":true,"href":"https:\/\/tumarca.co\/index.php\/wp-json\/wp\/v2\/media\/4446"}],"wp:attachment":[{"href":"https:\/\/tumarca.co\/index.php\/wp-json\/wp\/v2\/media?parent=4425"}],"wp:term":[{"taxonomy":"product_brand","embeddable":true,"href":"https:\/\/tumarca.co\/index.php\/wp-json\/wp\/v2\/product_brand?post=4425"},{"taxonomy":"product_cat","embeddable":true,"href":"https:\/\/tumarca.co\/index.php\/wp-json\/wp\/v2\/product_cat?post=4425"},{"taxonomy":"product_tag","embeddable":true,"href":"https:\/\/tumarca.co\/index.php\/wp-json\/wp\/v2\/product_tag?post=4425"}],"curies":[{"name":"wp","href":"https:\/\/api.w.org\/{rel}","templated":true}]}}