{"id":4494,"date":"2019-07-03T14:29:34","date_gmt":"2019-07-03T14:29:34","guid":{"rendered":"http:\/\/tumarca.co\/2019\/index.php\/product\/import-placeholder-for-3035939\/"},"modified":"2019-07-03T14:30:33","modified_gmt":"2019-07-03T14:30:33","slug":"lampara-escritorio-easy","status":"publish","type":"product","link":"https:\/\/tumarca.co\/index.php\/product\/lampara-escritorio-easy\/","title":{"rendered":"L\u00e1mpara Escritorio Easy"},"content":{"rendered":"<p>L\u00e1mpara de escritorio con brazo flexible que tambi\u00e9n facilita su portabilidad. Luz LED blanca con intensidad alta media e intermitente. Interruptor en el soporte. Requiere 3 pilas AAA No incluidas. <\/p>\n","protected":false},"excerpt":{"rendered":"<p>L\u00e1mpara de escritorio con brazo flexible que tambi\u00e9n facilita su portabilidad. Luz LED blanca con intensidad alta media e intermitente. Interruptor en el soporte. Requiere 3 pilas AAA No incluidas.<\/p>\n","protected":false},"featured_media":4500,"comment_status":"closed","ping_status":"closed","template":"","meta":[],"product_brand":[],"product_cat":[54],"product_tag":[],"class_list":{"0":"post-4494","1":"product","2":"type-product","3":"status-publish","4":"has-post-thumbnail","6":"product_cat-linternas","8":"first","9":"instock","10":"shipping-taxable","11":"product-type-simple"},"_links":{"self":[{"href":"https:\/\/tumarca.co\/index.php\/wp-json\/wp\/v2\/product\/4494","targetHints":{"allow":["GET"]}}],"collection":[{"href":"https:\/\/tumarca.co\/index.php\/wp-json\/wp\/v2\/product"}],"about":[{"href":"https:\/\/tumarca.co\/index.php\/wp-json\/wp\/v2\/types\/product"}],"replies":[{"embeddable":true,"href":"https:\/\/tumarca.co\/index.php\/wp-json\/wp\/v2\/comments?post=4494"}],"version-history":[{"count":0,"href":"https:\/\/tumarca.co\/index.php\/wp-json\/wp\/v2\/product\/4494\/revisions"}],"wp:featuredmedia":[{"embeddable":true,"href":"https:\/\/tumarca.co\/index.php\/wp-json\/wp\/v2\/media\/4500"}],"wp:attachment":[{"href":"https:\/\/tumarca.co\/index.php\/wp-json\/wp\/v2\/media?parent=4494"}],"wp:term":[{"taxonomy":"product_brand","embeddable":true,"href":"https:\/\/tumarca.co\/index.php\/wp-json\/wp\/v2\/product_brand?post=4494"},{"taxonomy":"product_cat","embeddable":true,"href":"https:\/\/tumarca.co\/index.php\/wp-json\/wp\/v2\/product_cat?post=4494"},{"taxonomy":"product_tag","embeddable":true,"href":"https:\/\/tumarca.co\/index.php\/wp-json\/wp\/v2\/product_tag?post=4494"}],"curies":[{"name":"wp","href":"https:\/\/api.w.org\/{rel}","templated":true}]}}