{"id":4829,"date":"2019-07-05T20:39:39","date_gmt":"2019-07-05T20:39:39","guid":{"rendered":"http:\/\/tumarca.co\/2019\/index.php\/product\/libreta-neon\/"},"modified":"2019-07-05T20:39:39","modified_gmt":"2019-07-05T20:39:39","slug":"libreta-neon","status":"publish","type":"product","link":"https:\/\/tumarca.co\/index.php\/product\/libreta-neon\/","title":{"rendered":"Libreta Ne\u00f3n"},"content":{"rendered":"<p>Libreta con cubierta en PU de colores ne\u00f3n. 80 hojas rayadas de 70 Gramos. Tama\u00f1o aproximado: A5.<\/p>\n","protected":false},"excerpt":{"rendered":"<p>Libreta con cubierta en PU de colores ne\u00f3n. 80 hojas rayadas de 70 Gramos. Tama\u00f1o aproximado: A5.<\/p>\n","protected":false},"featured_media":4828,"comment_status":"closed","ping_status":"closed","template":"","meta":[],"product_brand":[],"product_cat":[72],"product_tag":[],"class_list":{"0":"post-4829","1":"product","2":"type-product","3":"status-publish","4":"has-post-thumbnail","6":"product_cat-libretas-plasticas","8":"first","9":"instock","10":"shipping-taxable","11":"product-type-simple"},"_links":{"self":[{"href":"https:\/\/tumarca.co\/index.php\/wp-json\/wp\/v2\/product\/4829","targetHints":{"allow":["GET"]}}],"collection":[{"href":"https:\/\/tumarca.co\/index.php\/wp-json\/wp\/v2\/product"}],"about":[{"href":"https:\/\/tumarca.co\/index.php\/wp-json\/wp\/v2\/types\/product"}],"replies":[{"embeddable":true,"href":"https:\/\/tumarca.co\/index.php\/wp-json\/wp\/v2\/comments?post=4829"}],"version-history":[{"count":0,"href":"https:\/\/tumarca.co\/index.php\/wp-json\/wp\/v2\/product\/4829\/revisions"}],"wp:featuredmedia":[{"embeddable":true,"href":"https:\/\/tumarca.co\/index.php\/wp-json\/wp\/v2\/media\/4828"}],"wp:attachment":[{"href":"https:\/\/tumarca.co\/index.php\/wp-json\/wp\/v2\/media?parent=4829"}],"wp:term":[{"taxonomy":"product_brand","embeddable":true,"href":"https:\/\/tumarca.co\/index.php\/wp-json\/wp\/v2\/product_brand?post=4829"},{"taxonomy":"product_cat","embeddable":true,"href":"https:\/\/tumarca.co\/index.php\/wp-json\/wp\/v2\/product_cat?post=4829"},{"taxonomy":"product_tag","embeddable":true,"href":"https:\/\/tumarca.co\/index.php\/wp-json\/wp\/v2\/product_tag?post=4829"}],"curies":[{"name":"wp","href":"https:\/\/api.w.org\/{rel}","templated":true}]}}