{"id":4844,"date":"2019-07-08T02:24:11","date_gmt":"2019-07-08T02:24:11","guid":{"rendered":"http:\/\/tumarca.co\/2019\/index.php\/product\/libreta-camaleon-color\/"},"modified":"2019-07-08T02:24:11","modified_gmt":"2019-07-08T02:24:11","slug":"libreta-camaleon-color","status":"publish","type":"product","link":"https:\/\/tumarca.co\/index.php\/product\/libreta-camaleon-color\/","title":{"rendered":"Libreta Camale\u00f3n Color"},"content":{"rendered":"<p>Libreta con cubierta que cambia de color con el calor, banda el\u00e1stica de cierre, cinta marcadora y portabol\u00edgrafo lateral de color.  80 hojas papel rayado. Tama\u00f1o aproximado de la hoja A5.<\/p>\n","protected":false},"excerpt":{"rendered":"<p>Libreta con cubierta que cambia de color con el calor, banda el\u00e1stica de cierre, cinta marcadora y portabol\u00edgrafo lateral de color. 80 hojas papel rayado. Tama\u00f1o aproximado de la hoja A5.<\/p>\n","protected":false},"featured_media":4843,"comment_status":"closed","ping_status":"closed","template":"","meta":[],"product_brand":[],"product_cat":[72],"product_tag":[],"class_list":{"0":"post-4844","1":"product","2":"type-product","3":"status-publish","4":"has-post-thumbnail","6":"product_cat-libretas-plasticas","8":"first","9":"instock","10":"shipping-taxable","11":"product-type-simple"},"_links":{"self":[{"href":"https:\/\/tumarca.co\/index.php\/wp-json\/wp\/v2\/product\/4844","targetHints":{"allow":["GET"]}}],"collection":[{"href":"https:\/\/tumarca.co\/index.php\/wp-json\/wp\/v2\/product"}],"about":[{"href":"https:\/\/tumarca.co\/index.php\/wp-json\/wp\/v2\/types\/product"}],"replies":[{"embeddable":true,"href":"https:\/\/tumarca.co\/index.php\/wp-json\/wp\/v2\/comments?post=4844"}],"version-history":[{"count":0,"href":"https:\/\/tumarca.co\/index.php\/wp-json\/wp\/v2\/product\/4844\/revisions"}],"wp:featuredmedia":[{"embeddable":true,"href":"https:\/\/tumarca.co\/index.php\/wp-json\/wp\/v2\/media\/4843"}],"wp:attachment":[{"href":"https:\/\/tumarca.co\/index.php\/wp-json\/wp\/v2\/media?parent=4844"}],"wp:term":[{"taxonomy":"product_brand","embeddable":true,"href":"https:\/\/tumarca.co\/index.php\/wp-json\/wp\/v2\/product_brand?post=4844"},{"taxonomy":"product_cat","embeddable":true,"href":"https:\/\/tumarca.co\/index.php\/wp-json\/wp\/v2\/product_cat?post=4844"},{"taxonomy":"product_tag","embeddable":true,"href":"https:\/\/tumarca.co\/index.php\/wp-json\/wp\/v2\/product_tag?post=4844"}],"curies":[{"name":"wp","href":"https:\/\/api.w.org\/{rel}","templated":true}]}}