{"id":4980,"date":"2019-07-08T03:32:31","date_gmt":"2019-07-08T03:32:31","guid":{"rendered":"http:\/\/tumarca.co\/2019\/index.php\/product\/paraguas-jazzy-30\/"},"modified":"2019-10-04T13:21:43","modified_gmt":"2019-10-04T13:21:43","slug":"paraguas-jazzy-30","status":"publish","type":"product","link":"https:\/\/tumarca.co\/index.php\/product\/paraguas-jazzy-30\/","title":{"rendered":"Paraguas Jazzy 30&#8243;"},"content":{"rendered":"<p>Paraguas tipo golf, apertura autom\u00e1tica, cierre manual, costillas en fibra de vidrio. Tela de poli\u00e9ster 190t 2 capas, punta pl\u00e1stica. Mango en goma EVA.<\/p>\n","protected":false},"excerpt":{"rendered":"<p>Paraguas tipo golf, apertura autom\u00e1tica, cierre manual, costillas en fibra de vidrio. Tela de poli\u00e9ster 190t 2 capas, punta pl\u00e1stica. Mango en goma EVA.<\/p>\n","protected":false},"featured_media":4979,"comment_status":"closed","ping_status":"closed","template":"","meta":[],"product_brand":[],"product_cat":[77,78],"product_tag":[],"class_list":{"0":"post-4980","1":"product","2":"type-product","3":"status-publish","4":"has-post-thumbnail","6":"product_cat-paraguas","7":"product_cat-paraguas-golf","9":"first","10":"instock","11":"shipping-taxable","12":"product-type-simple"},"_links":{"self":[{"href":"https:\/\/tumarca.co\/index.php\/wp-json\/wp\/v2\/product\/4980","targetHints":{"allow":["GET"]}}],"collection":[{"href":"https:\/\/tumarca.co\/index.php\/wp-json\/wp\/v2\/product"}],"about":[{"href":"https:\/\/tumarca.co\/index.php\/wp-json\/wp\/v2\/types\/product"}],"replies":[{"embeddable":true,"href":"https:\/\/tumarca.co\/index.php\/wp-json\/wp\/v2\/comments?post=4980"}],"version-history":[{"count":0,"href":"https:\/\/tumarca.co\/index.php\/wp-json\/wp\/v2\/product\/4980\/revisions"}],"wp:featuredmedia":[{"embeddable":true,"href":"https:\/\/tumarca.co\/index.php\/wp-json\/wp\/v2\/media\/4979"}],"wp:attachment":[{"href":"https:\/\/tumarca.co\/index.php\/wp-json\/wp\/v2\/media?parent=4980"}],"wp:term":[{"taxonomy":"product_brand","embeddable":true,"href":"https:\/\/tumarca.co\/index.php\/wp-json\/wp\/v2\/product_brand?post=4980"},{"taxonomy":"product_cat","embeddable":true,"href":"https:\/\/tumarca.co\/index.php\/wp-json\/wp\/v2\/product_cat?post=4980"},{"taxonomy":"product_tag","embeddable":true,"href":"https:\/\/tumarca.co\/index.php\/wp-json\/wp\/v2\/product_tag?post=4980"}],"curies":[{"name":"wp","href":"https:\/\/api.w.org\/{rel}","templated":true}]}}