{"id":5012,"date":"2019-07-08T03:39:49","date_gmt":"2019-07-08T03:39:49","guid":{"rendered":"http:\/\/tumarca.co\/2019\/index.php\/product\/paraguas-21-ventura\/"},"modified":"2019-10-04T13:22:04","modified_gmt":"2019-10-04T13:22:04","slug":"paraguas-21-ventura","status":"publish","type":"product","link":"https:\/\/tumarca.co\/index.php\/product\/paraguas-21-ventura\/","title":{"rendered":"Paraguas 21&#8243; Ventura"},"content":{"rendered":"<p>Paraguas 21 &#8221; x 8 cascos, 3 secciones con cierre manual y tecnolog\u00eda windproof que lo hace resistente al viento. Antibrisa. Costillas en  fibra de vidrio. Mango pl\u00e1stico con gancho para transportar f\u00e1cilmente. <\/p>\n","protected":false},"excerpt":{"rendered":"<p>Paraguas 21 &#8221; x 8 cascos, 3 secciones con cierre manual y tecnolog\u00eda windproof que lo hace resistente al viento. Antibrisa. Costillas en fibra de vidrio. Mango pl\u00e1stico con gancho para transportar f\u00e1cilmente.<\/p>\n","protected":false},"featured_media":5011,"comment_status":"closed","ping_status":"closed","template":"","meta":[],"product_brand":[],"product_cat":[77,79],"product_tag":[],"class_list":{"0":"post-5012","1":"product","2":"type-product","3":"status-publish","4":"has-post-thumbnail","6":"product_cat-paraguas","7":"product_cat-paraguas-mini","9":"first","10":"instock","11":"shipping-taxable","12":"product-type-simple"},"_links":{"self":[{"href":"https:\/\/tumarca.co\/index.php\/wp-json\/wp\/v2\/product\/5012","targetHints":{"allow":["GET"]}}],"collection":[{"href":"https:\/\/tumarca.co\/index.php\/wp-json\/wp\/v2\/product"}],"about":[{"href":"https:\/\/tumarca.co\/index.php\/wp-json\/wp\/v2\/types\/product"}],"replies":[{"embeddable":true,"href":"https:\/\/tumarca.co\/index.php\/wp-json\/wp\/v2\/comments?post=5012"}],"version-history":[{"count":0,"href":"https:\/\/tumarca.co\/index.php\/wp-json\/wp\/v2\/product\/5012\/revisions"}],"wp:featuredmedia":[{"embeddable":true,"href":"https:\/\/tumarca.co\/index.php\/wp-json\/wp\/v2\/media\/5011"}],"wp:attachment":[{"href":"https:\/\/tumarca.co\/index.php\/wp-json\/wp\/v2\/media?parent=5012"}],"wp:term":[{"taxonomy":"product_brand","embeddable":true,"href":"https:\/\/tumarca.co\/index.php\/wp-json\/wp\/v2\/product_brand?post=5012"},{"taxonomy":"product_cat","embeddable":true,"href":"https:\/\/tumarca.co\/index.php\/wp-json\/wp\/v2\/product_cat?post=5012"},{"taxonomy":"product_tag","embeddable":true,"href":"https:\/\/tumarca.co\/index.php\/wp-json\/wp\/v2\/product_tag?post=5012"}],"curies":[{"name":"wp","href":"https:\/\/api.w.org\/{rel}","templated":true}]}}