{"id":5211,"date":"2019-07-08T06:16:14","date_gmt":"2019-07-08T06:16:14","guid":{"rendered":"http:\/\/tumarca.co\/2019\/index.php\/product\/set-carga-audifonos-polite\/"},"modified":"2019-07-08T06:16:14","modified_gmt":"2019-07-08T06:16:14","slug":"set-carga-audifonos-polite","status":"publish","type":"product","link":"https:\/\/tumarca.co\/index.php\/product\/set-carga-audifonos-polite\/","title":{"rendered":"Set Carga + Aud\u00edfonos Polite"},"content":{"rendered":"<p>Cable de carga USB con 3 conectores: Mini y Micro para dispositivos Android. Lightning para IPhone. Aud\u00edfonos con entrada est\u00e1ndar 3,5 mm. Longitud del cable 1,10 m. Viene en estuche pl\u00e1stico para transportar f\u00e1cilmente.<\/p>\n","protected":false},"excerpt":{"rendered":"<p>Cable de carga USB con 3 conectores: Mini y Micro para dispositivos Android. Lightning para IPhone. Aud\u00edfonos con entrada est\u00e1ndar 3,5 mm. Longitud del cable 1,10 m. Viene en estuche pl\u00e1stico para transportar f\u00e1cilmente.<\/p>\n","protected":false},"featured_media":5210,"comment_status":"closed","ping_status":"closed","template":"","meta":[],"product_brand":[],"product_cat":[95],"product_tag":[],"class_list":{"0":"post-5211","1":"product","2":"type-product","3":"status-publish","4":"has-post-thumbnail","6":"product_cat-cables-y-adaptadores-de-carga","8":"first","9":"instock","10":"shipping-taxable","11":"product-type-simple"},"_links":{"self":[{"href":"https:\/\/tumarca.co\/index.php\/wp-json\/wp\/v2\/product\/5211","targetHints":{"allow":["GET"]}}],"collection":[{"href":"https:\/\/tumarca.co\/index.php\/wp-json\/wp\/v2\/product"}],"about":[{"href":"https:\/\/tumarca.co\/index.php\/wp-json\/wp\/v2\/types\/product"}],"replies":[{"embeddable":true,"href":"https:\/\/tumarca.co\/index.php\/wp-json\/wp\/v2\/comments?post=5211"}],"version-history":[{"count":0,"href":"https:\/\/tumarca.co\/index.php\/wp-json\/wp\/v2\/product\/5211\/revisions"}],"wp:featuredmedia":[{"embeddable":true,"href":"https:\/\/tumarca.co\/index.php\/wp-json\/wp\/v2\/media\/5210"}],"wp:attachment":[{"href":"https:\/\/tumarca.co\/index.php\/wp-json\/wp\/v2\/media?parent=5211"}],"wp:term":[{"taxonomy":"product_brand","embeddable":true,"href":"https:\/\/tumarca.co\/index.php\/wp-json\/wp\/v2\/product_brand?post=5211"},{"taxonomy":"product_cat","embeddable":true,"href":"https:\/\/tumarca.co\/index.php\/wp-json\/wp\/v2\/product_cat?post=5211"},{"taxonomy":"product_tag","embeddable":true,"href":"https:\/\/tumarca.co\/index.php\/wp-json\/wp\/v2\/product_tag?post=5211"}],"curies":[{"name":"wp","href":"https:\/\/api.w.org\/{rel}","templated":true}]}}