{"id":5404,"date":"2019-07-08T06:52:03","date_gmt":"2019-07-08T06:52:03","guid":{"rendered":"http:\/\/tumarca.co\/2019\/index.php\/product\/altavoz-bluetooth-iluminacion-pop\/"},"modified":"2019-07-08T06:52:03","modified_gmt":"2019-07-08T06:52:03","slug":"altavoz-bluetooth-iluminacion-pop","status":"publish","type":"product","link":"https:\/\/tumarca.co\/index.php\/product\/altavoz-bluetooth-iluminacion-pop\/","title":{"rendered":"Altavoz Bluetooth Iluminacion Pop"},"content":{"rendered":"<p>Altavoz Bluetooth 2.1 con funci\u00f3n de manos libres. Incluye cable de carga USB. Cable con plug de salida est\u00e1ndar 3,5 mm, salida 3W x 2, frecuencia: 200HZ-20KHZ, se\u00f1al >85 dB, salida 3,7 V, puerto USB y ranura para tarjeta micro SD (no incluida). Distancia: 10 mt. Aprox. Mientras est\u00e1 en la funci\u00f3n Bluetooth alumbra en diferentes colores. Con radio FM.<\/p>\n","protected":false},"excerpt":{"rendered":"<p>Altavoz Bluetooth 2.1 con funci\u00f3n de manos libres. Incluye cable de carga USB. Cable con plug de salida est\u00e1ndar 3,5 mm, salida 3W x 2, frecuencia: 200HZ-20KHZ, se\u00f1al >85 dB, salida 3,7 V, puerto USB y ranura para tarjeta micro SD (no incluida). Distancia: 10 mt. Aprox. Mientras est\u00e1 en la funci\u00f3n Bluetooth alumbra en [&hellip;]<\/p>\n","protected":false},"featured_media":5403,"comment_status":"closed","ping_status":"closed","template":"","meta":[],"product_brand":[],"product_cat":[90],"product_tag":[],"class_list":{"0":"post-5404","1":"product","2":"type-product","3":"status-publish","4":"has-post-thumbnail","6":"product_cat-altavoz-bluetooth","8":"first","9":"instock","10":"shipping-taxable","11":"product-type-simple"},"_links":{"self":[{"href":"https:\/\/tumarca.co\/index.php\/wp-json\/wp\/v2\/product\/5404","targetHints":{"allow":["GET"]}}],"collection":[{"href":"https:\/\/tumarca.co\/index.php\/wp-json\/wp\/v2\/product"}],"about":[{"href":"https:\/\/tumarca.co\/index.php\/wp-json\/wp\/v2\/types\/product"}],"replies":[{"embeddable":true,"href":"https:\/\/tumarca.co\/index.php\/wp-json\/wp\/v2\/comments?post=5404"}],"version-history":[{"count":0,"href":"https:\/\/tumarca.co\/index.php\/wp-json\/wp\/v2\/product\/5404\/revisions"}],"wp:featuredmedia":[{"embeddable":true,"href":"https:\/\/tumarca.co\/index.php\/wp-json\/wp\/v2\/media\/5403"}],"wp:attachment":[{"href":"https:\/\/tumarca.co\/index.php\/wp-json\/wp\/v2\/media?parent=5404"}],"wp:term":[{"taxonomy":"product_brand","embeddable":true,"href":"https:\/\/tumarca.co\/index.php\/wp-json\/wp\/v2\/product_brand?post=5404"},{"taxonomy":"product_cat","embeddable":true,"href":"https:\/\/tumarca.co\/index.php\/wp-json\/wp\/v2\/product_cat?post=5404"},{"taxonomy":"product_tag","embeddable":true,"href":"https:\/\/tumarca.co\/index.php\/wp-json\/wp\/v2\/product_tag?post=5404"}],"curies":[{"name":"wp","href":"https:\/\/api.w.org\/{rel}","templated":true}]}}