{"id":5466,"date":"2019-07-08T07:01:35","date_gmt":"2019-07-08T07:01:35","guid":{"rendered":"http:\/\/tumarca.co\/2019\/index.php\/product\/audifonos-bluetooth-gap\/"},"modified":"2019-07-08T07:01:35","modified_gmt":"2019-07-08T07:01:35","slug":"audifonos-bluetooth-gap","status":"publish","type":"product","link":"https:\/\/tumarca.co\/index.php\/product\/audifonos-bluetooth-gap\/","title":{"rendered":"Aud\u00edfonos Bluetooth Gap"},"content":{"rendered":"<p>Aud\u00edfonos intraaurales Bluetooth V3.0, bater\u00eda 50 mA, tiempo de carga: 2 horas, tiempo de reproducci\u00f3n 2-3 horas, distancia 10m aprox. acabado en goma, potencia de carga 5V\/ 1A.  Incluye micr\u00f3fono y control de volumen para utilizarlo como manos libres y cable de carga USB\/micro USB. <\/p>\n","protected":false},"excerpt":{"rendered":"<p>Aud\u00edfonos intraaurales Bluetooth V3.0, bater\u00eda 50 mA, tiempo de carga: 2 horas, tiempo de reproducci\u00f3n 2-3 horas, distancia 10m aprox. acabado en goma, potencia de carga 5V\/ 1A. Incluye micr\u00f3fono y control de volumen para utilizarlo como manos libres y cable de carga USB\/micro USB.<\/p>\n","protected":false},"featured_media":5465,"comment_status":"closed","ping_status":"closed","template":"","meta":[],"product_brand":[],"product_cat":[91],"product_tag":[],"class_list":{"0":"post-5466","1":"product","2":"type-product","3":"status-publish","4":"has-post-thumbnail","6":"product_cat-audifonos-intraaurales-bluetooth","8":"first","9":"instock","10":"shipping-taxable","11":"product-type-simple"},"_links":{"self":[{"href":"https:\/\/tumarca.co\/index.php\/wp-json\/wp\/v2\/product\/5466","targetHints":{"allow":["GET"]}}],"collection":[{"href":"https:\/\/tumarca.co\/index.php\/wp-json\/wp\/v2\/product"}],"about":[{"href":"https:\/\/tumarca.co\/index.php\/wp-json\/wp\/v2\/types\/product"}],"replies":[{"embeddable":true,"href":"https:\/\/tumarca.co\/index.php\/wp-json\/wp\/v2\/comments?post=5466"}],"version-history":[{"count":0,"href":"https:\/\/tumarca.co\/index.php\/wp-json\/wp\/v2\/product\/5466\/revisions"}],"wp:featuredmedia":[{"embeddable":true,"href":"https:\/\/tumarca.co\/index.php\/wp-json\/wp\/v2\/media\/5465"}],"wp:attachment":[{"href":"https:\/\/tumarca.co\/index.php\/wp-json\/wp\/v2\/media?parent=5466"}],"wp:term":[{"taxonomy":"product_brand","embeddable":true,"href":"https:\/\/tumarca.co\/index.php\/wp-json\/wp\/v2\/product_brand?post=5466"},{"taxonomy":"product_cat","embeddable":true,"href":"https:\/\/tumarca.co\/index.php\/wp-json\/wp\/v2\/product_cat?post=5466"},{"taxonomy":"product_tag","embeddable":true,"href":"https:\/\/tumarca.co\/index.php\/wp-json\/wp\/v2\/product_tag?post=5466"}],"curies":[{"name":"wp","href":"https:\/\/api.w.org\/{rel}","templated":true}]}}