{"id":5488,"date":"2019-07-08T07:04:53","date_gmt":"2019-07-08T07:04:53","guid":{"rendered":"http:\/\/tumarca.co\/2019\/index.php\/product\/audifonos-holder-clean\/"},"modified":"2019-07-08T07:04:53","modified_gmt":"2019-07-08T07:04:53","slug":"audifonos-holder-clean","status":"publish","type":"product","link":"https:\/\/tumarca.co\/index.php\/product\/audifonos-holder-clean\/","title":{"rendered":"Aud\u00edfonos Holder Clean"},"content":{"rendered":"<p>Holder para tel\u00e9fono celular en forma de cubo para escritorio con dos compartimientos. Incluye pa\u00f1o en microfibra para limpiar la pantalla de los dispositivos m\u00f3viles y aud\u00edfonos intraaurales de plug est\u00e1ndar 3,5 mm, que funciona en la mayor\u00eda de dispositivos de audio. Longitud del cable 1,10 m.<\/p>\n","protected":false},"excerpt":{"rendered":"<p>Holder para tel\u00e9fono celular en forma de cubo para escritorio con dos compartimientos. Incluye pa\u00f1o en microfibra para limpiar la pantalla de los dispositivos m\u00f3viles y aud\u00edfonos intraaurales de plug est\u00e1ndar 3,5 mm, que funciona en la mayor\u00eda de dispositivos de audio. Longitud del cable 1,10 m.<\/p>\n","protected":false},"featured_media":5487,"comment_status":"closed","ping_status":"closed","template":"","meta":[],"product_brand":[],"product_cat":[92],"product_tag":[],"class_list":{"0":"post-5488","1":"product","2":"type-product","3":"status-publish","4":"has-post-thumbnail","6":"product_cat-audifonos-intraaurales","8":"first","9":"instock","10":"shipping-taxable","11":"product-type-simple"},"_links":{"self":[{"href":"https:\/\/tumarca.co\/index.php\/wp-json\/wp\/v2\/product\/5488","targetHints":{"allow":["GET"]}}],"collection":[{"href":"https:\/\/tumarca.co\/index.php\/wp-json\/wp\/v2\/product"}],"about":[{"href":"https:\/\/tumarca.co\/index.php\/wp-json\/wp\/v2\/types\/product"}],"replies":[{"embeddable":true,"href":"https:\/\/tumarca.co\/index.php\/wp-json\/wp\/v2\/comments?post=5488"}],"version-history":[{"count":0,"href":"https:\/\/tumarca.co\/index.php\/wp-json\/wp\/v2\/product\/5488\/revisions"}],"wp:featuredmedia":[{"embeddable":true,"href":"https:\/\/tumarca.co\/index.php\/wp-json\/wp\/v2\/media\/5487"}],"wp:attachment":[{"href":"https:\/\/tumarca.co\/index.php\/wp-json\/wp\/v2\/media?parent=5488"}],"wp:term":[{"taxonomy":"product_brand","embeddable":true,"href":"https:\/\/tumarca.co\/index.php\/wp-json\/wp\/v2\/product_brand?post=5488"},{"taxonomy":"product_cat","embeddable":true,"href":"https:\/\/tumarca.co\/index.php\/wp-json\/wp\/v2\/product_cat?post=5488"},{"taxonomy":"product_tag","embeddable":true,"href":"https:\/\/tumarca.co\/index.php\/wp-json\/wp\/v2\/product_tag?post=5488"}],"curies":[{"name":"wp","href":"https:\/\/api.w.org\/{rel}","templated":true}]}}