{"id":5498,"date":"2019-07-08T07:06:30","date_gmt":"2019-07-08T07:06:30","guid":{"rendered":"http:\/\/tumarca.co\/2019\/index.php\/product\/audifonos-grip\/"},"modified":"2019-07-08T07:06:30","modified_gmt":"2019-07-08T07:06:30","slug":"audifonos-grip","status":"publish","type":"product","link":"https:\/\/tumarca.co\/index.php\/product\/audifonos-grip\/","title":{"rendered":"Aud\u00edfonos Grip"},"content":{"rendered":"<p>Aud\u00edfonos intraaurales de conexi\u00f3n est\u00e1ndar 3,5 mm, con organizador que adem\u00e1s de facilitar su almacenamiento, evita que se enreden cuando se est\u00e1n utilizando. Longitud del cable 1,05 m.<\/p>\n","protected":false},"excerpt":{"rendered":"<p>Aud\u00edfonos intraaurales de conexi\u00f3n est\u00e1ndar 3,5 mm, con organizador que adem\u00e1s de facilitar su almacenamiento, evita que se enreden cuando se est\u00e1n utilizando. Longitud del cable 1,05 m.<\/p>\n","protected":false},"featured_media":5497,"comment_status":"closed","ping_status":"closed","template":"","meta":[],"product_brand":[],"product_cat":[92],"product_tag":[],"class_list":{"0":"post-5498","1":"product","2":"type-product","3":"status-publish","4":"has-post-thumbnail","6":"product_cat-audifonos-intraaurales","8":"first","9":"instock","10":"shipping-taxable","11":"product-type-simple"},"_links":{"self":[{"href":"https:\/\/tumarca.co\/index.php\/wp-json\/wp\/v2\/product\/5498","targetHints":{"allow":["GET"]}}],"collection":[{"href":"https:\/\/tumarca.co\/index.php\/wp-json\/wp\/v2\/product"}],"about":[{"href":"https:\/\/tumarca.co\/index.php\/wp-json\/wp\/v2\/types\/product"}],"replies":[{"embeddable":true,"href":"https:\/\/tumarca.co\/index.php\/wp-json\/wp\/v2\/comments?post=5498"}],"version-history":[{"count":0,"href":"https:\/\/tumarca.co\/index.php\/wp-json\/wp\/v2\/product\/5498\/revisions"}],"wp:featuredmedia":[{"embeddable":true,"href":"https:\/\/tumarca.co\/index.php\/wp-json\/wp\/v2\/media\/5497"}],"wp:attachment":[{"href":"https:\/\/tumarca.co\/index.php\/wp-json\/wp\/v2\/media?parent=5498"}],"wp:term":[{"taxonomy":"product_brand","embeddable":true,"href":"https:\/\/tumarca.co\/index.php\/wp-json\/wp\/v2\/product_brand?post=5498"},{"taxonomy":"product_cat","embeddable":true,"href":"https:\/\/tumarca.co\/index.php\/wp-json\/wp\/v2\/product_cat?post=5498"},{"taxonomy":"product_tag","embeddable":true,"href":"https:\/\/tumarca.co\/index.php\/wp-json\/wp\/v2\/product_tag?post=5498"}],"curies":[{"name":"wp","href":"https:\/\/api.w.org\/{rel}","templated":true}]}}