{"id":5526,"date":"2019-07-08T07:10:29","date_gmt":"2019-07-08T07:10:29","guid":{"rendered":"http:\/\/tumarca.co\/2019\/index.php\/product\/audifonos-record\/"},"modified":"2020-02-26T15:13:17","modified_gmt":"2020-02-26T15:13:17","slug":"audifonos-record","status":"publish","type":"product","link":"https:\/\/tumarca.co\/index.php\/product\/audifonos-record\/","title":{"rendered":"Aud\u00edfonos Record"},"content":{"rendered":"<p>Aud\u00edfonos supraaurales de conexi\u00f3n al\u00e1mbrica, almohadillas en espuma, diadema fija. Rango de frecuencia 20-20,000Hz, impedancia 32Ohm. Cable est\u00e1ndar 3,5 mm, longitud 1,125 m. <\/p>\n","protected":false},"excerpt":{"rendered":"<p>Aud\u00edfonos supraaurales de conexi\u00f3n al\u00e1mbrica, almohadillas en espuma, diadema fija. Rango de frecuencia 20-20,000Hz, impedancia 32Ohm. Cable est\u00e1ndar 3,5 mm, longitud 1,125 m.<\/p>\n","protected":false},"featured_media":5525,"comment_status":"closed","ping_status":"closed","template":"","meta":[],"product_brand":[],"product_cat":[88],"product_tag":[],"class_list":{"0":"post-5526","1":"product","2":"type-product","3":"status-publish","4":"has-post-thumbnail","6":"product_cat-audifonos-supraaurales","8":"first","9":"instock","10":"shipping-taxable","11":"product-type-simple"},"_links":{"self":[{"href":"https:\/\/tumarca.co\/index.php\/wp-json\/wp\/v2\/product\/5526","targetHints":{"allow":["GET"]}}],"collection":[{"href":"https:\/\/tumarca.co\/index.php\/wp-json\/wp\/v2\/product"}],"about":[{"href":"https:\/\/tumarca.co\/index.php\/wp-json\/wp\/v2\/types\/product"}],"replies":[{"embeddable":true,"href":"https:\/\/tumarca.co\/index.php\/wp-json\/wp\/v2\/comments?post=5526"}],"version-history":[{"count":0,"href":"https:\/\/tumarca.co\/index.php\/wp-json\/wp\/v2\/product\/5526\/revisions"}],"wp:featuredmedia":[{"embeddable":true,"href":"https:\/\/tumarca.co\/index.php\/wp-json\/wp\/v2\/media\/5525"}],"wp:attachment":[{"href":"https:\/\/tumarca.co\/index.php\/wp-json\/wp\/v2\/media?parent=5526"}],"wp:term":[{"taxonomy":"product_brand","embeddable":true,"href":"https:\/\/tumarca.co\/index.php\/wp-json\/wp\/v2\/product_brand?post=5526"},{"taxonomy":"product_cat","embeddable":true,"href":"https:\/\/tumarca.co\/index.php\/wp-json\/wp\/v2\/product_cat?post=5526"},{"taxonomy":"product_tag","embeddable":true,"href":"https:\/\/tumarca.co\/index.php\/wp-json\/wp\/v2\/product_tag?post=5526"}],"curies":[{"name":"wp","href":"https:\/\/api.w.org\/{rel}","templated":true}]}}