{"id":5681,"date":"2019-07-08T08:08:59","date_gmt":"2019-07-08T08:08:59","guid":{"rendered":"http:\/\/tumarca.co\/2019\/index.php\/product\/apuntador-laser-boss\/"},"modified":"2025-05-07T00:36:29","modified_gmt":"2025-05-07T00:36:29","slug":"apuntador-laser-boss","status":"publish","type":"product","link":"https:\/\/tumarca.co\/index.php\/product\/apuntador-laser-boss\/","title":{"rendered":"Apuntador L\u00e1ser Boss"},"content":{"rendered":"<p>Apuntador inal\u00e1mbrico funciona como un control remoto, y puntero l\u00e1ser. Se adapta como una herramienta pr\u00e1ctica para presentaciones, ense\u00f1anza, reuniones, discursos, capacitaciones.<\/p>\n","protected":false},"excerpt":{"rendered":"<p>Apuntador inal\u00e1mbrico funciona como un control remoto, y puntero l\u00e1ser. Se adapta como una herramienta pr\u00e1ctica para presentaciones, ense\u00f1anza, reuniones, discursos, capacitaciones.<\/p>\n","protected":false},"featured_media":5680,"comment_status":"closed","ping_status":"closed","template":"","meta":[],"product_brand":[],"product_cat":[86],"product_tag":[],"class_list":{"0":"post-5681","1":"product","2":"type-product","3":"status-publish","4":"has-post-thumbnail","6":"product_cat-accesorios-de-computador","8":"first","9":"instock","10":"shipping-taxable","11":"product-type-simple"},"_links":{"self":[{"href":"https:\/\/tumarca.co\/index.php\/wp-json\/wp\/v2\/product\/5681","targetHints":{"allow":["GET"]}}],"collection":[{"href":"https:\/\/tumarca.co\/index.php\/wp-json\/wp\/v2\/product"}],"about":[{"href":"https:\/\/tumarca.co\/index.php\/wp-json\/wp\/v2\/types\/product"}],"replies":[{"embeddable":true,"href":"https:\/\/tumarca.co\/index.php\/wp-json\/wp\/v2\/comments?post=5681"}],"version-history":[{"count":0,"href":"https:\/\/tumarca.co\/index.php\/wp-json\/wp\/v2\/product\/5681\/revisions"}],"wp:featuredmedia":[{"embeddable":true,"href":"https:\/\/tumarca.co\/index.php\/wp-json\/wp\/v2\/media\/5680"}],"wp:attachment":[{"href":"https:\/\/tumarca.co\/index.php\/wp-json\/wp\/v2\/media?parent=5681"}],"wp:term":[{"taxonomy":"product_brand","embeddable":true,"href":"https:\/\/tumarca.co\/index.php\/wp-json\/wp\/v2\/product_brand?post=5681"},{"taxonomy":"product_cat","embeddable":true,"href":"https:\/\/tumarca.co\/index.php\/wp-json\/wp\/v2\/product_cat?post=5681"},{"taxonomy":"product_tag","embeddable":true,"href":"https:\/\/tumarca.co\/index.php\/wp-json\/wp\/v2\/product_tag?post=5681"}],"curies":[{"name":"wp","href":"https:\/\/api.w.org\/{rel}","templated":true}]}}