{"id":6451,"date":"2019-09-27T11:50:32","date_gmt":"2019-09-27T11:50:32","guid":{"rendered":"https:\/\/tumarca.co\/index.php\/product\/boligrafo-katmai-amarillo\/"},"modified":"2025-05-07T00:47:46","modified_gmt":"2025-05-07T00:47:46","slug":"boligrafo-katmai-amarillo","status":"publish","type":"product","link":"https:\/\/tumarca.co\/index.php\/product\/boligrafo-katmai-amarillo\/","title":{"rendered":"BOL\u00edGRAFO KATMAI AMARILLO"},"content":{"rendered":"<p>BOL\u00edGRAFO KATMAI(Bol\u00edgrafo y marcatexto con tap\u00f3n. Material Eco-Friendly.)<\/p>\n","protected":false},"excerpt":{"rendered":"<p>BOL\u00edGRAFO KATMAI(Bol\u00edgrafo y marcatexto con tap\u00f3n. Material Eco-Friendly.)<\/p>\n","protected":false},"featured_media":6450,"comment_status":"closed","ping_status":"closed","template":"","meta":[],"product_brand":[],"product_cat":[7193,11137],"product_tag":[4561,4563,4560,4562],"class_list":{"0":"post-6451","1":"product","2":"type-product","3":"status-publish","4":"has-post-thumbnail","6":"product_cat-articulos-escritura","7":"product_cat-boligrafos-funciones","8":"product_tag-boligrafo","9":"product_tag-bolis","10":"product_tag-esfero","11":"product_tag-esferos","13":"first","14":"instock","15":"shipping-taxable","16":"product-type-simple"},"_links":{"self":[{"href":"https:\/\/tumarca.co\/index.php\/wp-json\/wp\/v2\/product\/6451","targetHints":{"allow":["GET"]}}],"collection":[{"href":"https:\/\/tumarca.co\/index.php\/wp-json\/wp\/v2\/product"}],"about":[{"href":"https:\/\/tumarca.co\/index.php\/wp-json\/wp\/v2\/types\/product"}],"replies":[{"embeddable":true,"href":"https:\/\/tumarca.co\/index.php\/wp-json\/wp\/v2\/comments?post=6451"}],"version-history":[{"count":0,"href":"https:\/\/tumarca.co\/index.php\/wp-json\/wp\/v2\/product\/6451\/revisions"}],"wp:featuredmedia":[{"embeddable":true,"href":"https:\/\/tumarca.co\/index.php\/wp-json\/wp\/v2\/media\/6450"}],"wp:attachment":[{"href":"https:\/\/tumarca.co\/index.php\/wp-json\/wp\/v2\/media?parent=6451"}],"wp:term":[{"taxonomy":"product_brand","embeddable":true,"href":"https:\/\/tumarca.co\/index.php\/wp-json\/wp\/v2\/product_brand?post=6451"},{"taxonomy":"product_cat","embeddable":true,"href":"https:\/\/tumarca.co\/index.php\/wp-json\/wp\/v2\/product_cat?post=6451"},{"taxonomy":"product_tag","embeddable":true,"href":"https:\/\/tumarca.co\/index.php\/wp-json\/wp\/v2\/product_tag?post=6451"}],"curies":[{"name":"wp","href":"https:\/\/api.w.org\/{rel}","templated":true}]}}